). List the prime factors of 1028/j + 4/(-10).
3, 17
What are the prime factors of (0 - -2)*(16 + 1)?
2, 17
Let s = 5 + -6. Let u = 5 - s. List the prime factors of (-4)/12 - (-32)/u.
5
Let w = 14 - -53. List the prime factors of w.
67
Let q(u) = -u - 1. Let a be q(-6). What are the prime factors of ((-20)/6)/a*-21?
2, 7
Let k = -2 + -8. Let q = 0 - k. List the prime factors of q.
2, 5
What are the prime factors of (8/(-2) - 13)*-1?
17
Suppose a = 5*l - 1027, 4*l - a + 3*a = 816. List the prime factors of l.
5, 41
Let y be (1 - 3)/(2/(-3)). What are the prime factors of 1*y + (-3)/(-1)?
2, 3
Let i be (-15)/(-3 - -4) - -1. Let o = -8 - i. Suppose -o*u = -u - 95. What are the prime factors of u?
19
Suppose 161 = n - 25. List the prime factors of n.
2, 3, 31
Suppose 2*f = -q - f - 4, -5*q = -3*f + 20. Let m be (3/4)/((-1)/12). Let z = q - m. List the prime factors of z.
5
Suppose 2*u = -5*b - u + 800, 2*b + 3*u - 329 = 0. Suppose 0 = -2*o - 8, 0 = -0*d - 5*d + 3*o + b. List the prime factors of d.
29
Let j(k) be the first derivative of k**2/2 + 14*k - 3. What are the prime factors of j(0)?
2, 7
Let f be (1/2)/((-2)/(-72)). Suppose 5*s - 4*d - f = -d, -s = -4*d + 10. Let q(p) = p**3 - 5*p**2 - 5*p + 4. What are the prime factors of q(s)?
2, 5
Let r = 9 + -5. Suppose z + 4*n = 3 + r, -n = 5. List the prime factors of z.
3
Let b = -20 - -39. What are the prime factors of b?
19
Let o = 0 - -1. Suppose i = -o, 5*a - 3*i = -6*i - 23. Let s(q) = q**2 + 4*q + 4. List the prime factors of s(a).
2
Suppose 0 = 2*y + 2*y - 624. What are the prime factors of y?
2, 3, 13
Suppose -2 - 6 = -2*l. Let v(p) = 2*p**2 - 3*p - 3. List the prime factors of v(l).
17
Let o(c) = -2*c**3 - 3*c**2 - 7*c - 8. What are the prime factors of o(-4)?
2, 5
Let s(d) = 5*d - 3. Let o(u) = -14*u + 8. Let p(a) = 6*o(a) + 17*s(a). List the prime factors of p(12).
3
Let f(g) = -3*g**2 + 6*g + 2*g**2 + 2 - 4*g**2 + 4*g**2. Let b be f(6). Suppose 4*s - b*s = 28. List the prime factors of s.
2, 7
Suppose -2*x - x = -15. Suppose -45 = -5*d - x*i, d - i + 1 = -0*d. Let l(s) = 5*s. List the prime factors of l(d).
2, 5
Let t(s) = s**3 - 3*s**2 - s + 1. Let k be t(-3). Let l = k + 80. What are the prime factors of l?
2, 3, 5
Suppose -5*j - 19 = 3*k - 0*j, 2*k - 4*j - 24 = 0. Suppose 0 = f + k*z + 7, -f = -5*z + z - 23. List the prime factors of f.
3
Let y(b) be the first derivative of -3*b**2/2 - b + 1. Suppose -6*c - 8 = 4. What are the prime factors of y(c)?
5
Let u(v) = 3*v + 2. Let w(g) = -10*g - 7. Let k(c) = -7*u(c) - 2*w(c). Let s(d) = d. Let p(r) = -k(r) + s(r). What are the prime factors of p(5)?
2, 5
Let t = -4 + 3. Let f be ((-1)/3)/(t/(-3)). List the prime factors of (0 - -12) + (f - -1).
2, 3
Suppose -5*p = -3*p - 74. What are the prime factors of p?
37
Let c(p) be the second derivative of p**4/12 - p**3/3 - 3*p. What are the prime factors of c(4)?
2
Let o(n) = -n**3 + 4*n**2 - 2*n - 3. Let h be o(3). Let j(d) = 10 - 14*d - 2 + 13*d. List the prime factors of j(h).
2
Let o(u) = 2*u + 1. Let i be 5/(-2)*12/(-10). List the prime factors of o(i).
7
Let m(i) be the third derivative of -i**6/360 + 11*i**4/24 + i**3/2 + 4*i**2. Let p(a) be the first derivative of m(a). List the prime factors of p(0).
11
List the prime factors of 0/(-1 + -1) - (-8 + -52).
2, 3, 5
Suppose 2*f - 141 = 109. List the prime factors of f.
5
Let c be (3/9)/((-2)/(-24)). Suppose c*b = 2*s + 2*s - 36, -3*b = 2*s - 33. What are the prime factors of s?
2, 3
Suppose 0*h + 4*s - 21 = -3*h, -5*h - 5*s + 30 = 0. Suppose y - h*t = 2*t + 20, 0 = 5*t. What are the prime factors of y?
2, 5
Let d(c) = -c**2 - 5*c - 2. Let b be d(-4). Let i = 90 + -64. Suppose -b*y + i = -12. List the prime factors of y.
19
Suppose -2*a + q - 155 = 0, 2*a - 3*q + 117 + 32 = 0. Let m = a - -39. What are the prime factors of m/(-4)*(-6)/(-4)?
3, 5
Suppose -3*m - 196 = -7*m. List the prime factors of m.
7
Let h be -1*1 + (-50)/(-2). Suppose -3*z = -5*i - 23, 3*i + h = 2*z + 4*i. List the prime factors of z.
11
Suppose -u + 4 = -g - 6, -2*u = -g - 24. Suppose -r = z - u, -r = -3*r + 4*z + 4. What are the prime factors of r?
2, 5
What are the prime factors of ((-12)/(-10))/((-10)/(-175))?
3, 7
Let w be 5 + -2 - 0 - -1. Suppose 5*s = -4*u + 32, 3*u - s = u + 30. Let g = u - w. What are the prime factors of g?
3
Let x be (-1)/(1/7 + 0). Let f = 17 + x. What are the prime factors of f?
2, 5
Suppose -12*g = -10*g - 56. List the prime factors of g.
2, 7
Suppose -5*z = -0*z - 335. List the prime factors of z.
67
Let s = -6 - -10. Suppose 2*c = 5*f + 4*c - 90, f + 4 = s*c. Let j = -5 + f. List the prime factors of j.
11
Let v(i) = -i**2 - 13*i - 1. Let o be v(-10). Suppose -o = -3*x + 19. List the prime factors of x.
2
Let a be 0/5*1/3. Suppose -4*s + 21 + 67 = a. List the prime factors of s.
2, 11
Let x = -16 + 22. Let a be 80/x - (-2)/(-6). Suppose -2*u - 4*i + 9 = -a, 5*u - i = 55. List the prime factors of u.
11
What are the prime factors of 3/(-7) + -4 + 1870/35?
7
Let x(c) = 11*c**3 + c**2. List the prime factors of x(1).
2, 3
List the prime factors of 1848/49 - 2/(-7).
2, 19
Suppose l = 5*l + 2*j - 240, -3*l + 182 = 2*j. List the prime factors of l.
2, 29
Suppose -m = l - 6, 2*m = 5*l - 3*m + 10. Suppose 7*s - l*s = 35. What are the prime factors of s?
7
Suppose o + 3*o = 20. Suppose d = -o*h - 12, 5*d + h + 4*h = 20. What are the prime factors of d?
2
Let c be (7 - 4)/(2/6). Let f = c - 9. Suppose f = -5*s - 3*p + 77, 4*p = -s + 1 + 11. What are the prime factors of s?
2
Let p(s) = -s + 1 + 4*s**3 - 2*s**3 + s**2 - s**3. Suppose 0 = -4*l - l + 10. List the prime factors of p(l).
11
What are the prime factors of (-2780)/(-50) - (-2)/5?
2, 7
Let k(s) = -2*s**3 + s**3 + 3*s**2 - 4 - 7*s**2 - 3*s. Let c be k(-5). Suppose -c = 2*v - 6*v. What are the prime factors of v?
3
Suppose 2*w + 2*q - 15 = w, -4*q + 20 = 0. Let b = w + -3. Suppose i + 5*v = 29, 5*i + 2*v + b*v = 40. List the prime factors of i.
2
Let m(v) = v**3 + 5. Suppose 0 = -4*b + 3*b. Let k be m(b). Suppose -k*i + 45 = -0*i. What are the prime factors of i?
3
Let r(s) = -s**2 - s + 11. Let z be r(0). Let m = z + 4. What are the prime factors of m?
3, 5
Let a be (-8)/(-6 - -3 - -1). Suppose -z + 43 = a*t, 3*z + 2*z - 15 = 0. List the prime factors of t.
2, 5
Let d be (48/(-20))/(12/(-200)). Suppose 0 = -7*u + 2*u + d. List the prime factors of u.
2
Let k = -40 - -48. What are the prime factors of k?
2
Suppose 0 = 2*z - 6*z + 816. What are the prime factors of z?
2, 3, 17
Suppose 2*v - 90 = 38. What are the prime factors of v?
2
Let l be -1 + (-1 + -4 - -1). Let n = l - -7. List the prime factors of 3/6*n + 5.
2, 3
Let q(r) = -9*r - 35. What are the prime factors of q(-14)?
7, 13
Let i = -8 + 25. What are the prime factors of i?
17
Suppose 43 = 2*f + 3*w - 0*w, 0 = -5*f - 3*w + 103. Suppose z = 2*g - 25, -f = 3*z - 5. List the prime factors of g.
2, 5
Let f be 3/(-1) - -1 - -15. Let b = -3 + f. List the prime factors of b.
2, 5
Suppose 3*b - 22 - 5 = 0. List the prime factors of b.
3
Let p(z) = z + 5. Let b be p(-5). Suppose -4*l + 7*l - 48 = b. Suppose 3*o = t + l, -5*o + 2*t = -11 - 17. List the prime factors of o.
2
Let g(s) = -4*s - 4. Let d(l) = -5*l - 5. Let h(i) = -5*d(i) + 6*g(i). List the prime factors of h(5).
2, 3
Let n = -15 - -16. Let y(s) = -6*s - 2. Let f(z) = -6*z - 3. Let h(j) = 2*f(j) - 3*y(j). List the prime factors of h(n).
2, 3
Let t(z) = 23*z**3 + 4*z. Let u(h) = -23*h**3 - 3*h. Let y(r) = 3*t(r) + 4*u(r). List the prime factors of y(-1).
23
Suppose -n + 11 = -5*i - 12, 3*i - 5*n + 27 = 0. List the prime factors of -3*3*i/2.
2, 3
Let f = -4 - -6. Suppose -2*p = f*p - 40. List the prime factors of p.
2, 5
Suppose 0 = 5*i - 20, -3*m + 145 + 13 = -i. List the prime factors of m.
2, 3
Let f be 114/24 + (-1)/(-4). Let t = -3 + f. What are the prime factors of t?
2
Suppose -2*m + 52 = 2*m. Suppose o - 31 = 3. Suppose -o + m = -3*y. What are the prime factors of y?
7
Let g = 7 - 4. Suppose -g*w = a - 12, a - 2*w - 36 = w. What are the prime factors of a?
2, 3
Let r(s) = -11*s**3 - s - 1. Let g(b) = -b**3 - 6*b**2 - 2*b - 7. Let d be g(-6). Suppose 2*f - 9 = c, 3*f - 8 = d*c + 9. What are the prime factors of r(c)?
11
Let h = -7 - -9. Let q be 37 + (-1)/2*h. What are the 